-51 = 4*a - 659. Suppose 4*y + 2*x - a = 0, 3*y + 115 = 6*y + x. Suppose -y = -7*g + 10. Calculate the greatest common divisor of g and 35.
7
Suppose 0 = -b - 5 + 22. Let k = -254 + -52. Let t be (k/(-4))/((-1)/(-2)). Calculate the highest common factor of b and t.
17
Let h(t) = -4*t + 157. Let b be h(28). Calculate the highest common factor of 153 and b.
9
Suppose 320 = 8*n - 6*n - 3*b, n + b = 160. Calculate the highest common divisor of 440 and n.
40
Suppose 0 = 15*o - 571 + 331. What is the highest common factor of o and 356?
4
Suppose 0 = 2*j - 2*i - 1996, 7*i + 5014 = 5*j + 10*i. Calculate the highest common factor of j and 77.
77
Let c(b) = -b**2 - 18*b + 201. Let s be c(-20). What is the highest common factor of s and 14?
7
Suppose -1 - 19 = -4*m. Suppose 3*d = -4*f - 3, -f + 2*f - m*d - 28 = 0. Suppose w + 1 = -2*p + 20, -w = 4*p - 11. What is the highest common factor of f and w?
3
Let r(n) be the first derivative of 0*n - 1/2*n**2 - 4 + 11/3*n**3. Let o be r(1). What is the highest common factor of o and 10?
10
Let v be 45 + (1 - 4) + 0. What is the greatest common divisor of 70 and v?
14
Let c = -277 - -916. What is the highest common factor of c and 284?
71
Suppose n + w = 3*w + 11, w - 89 = -4*n. Let v(p) = 43*p + 1433. Let x be v(-33). Calculate the greatest common factor of x and n.
7
Suppose -45*t + 44*t + 17 = 0. Let b(u) = -u + 23. Let n be b(t). What is the greatest common factor of 6 and n?
6
Let t = 46 - 33. Let w be (-3)/(-6) + (-9)/6. Let h be (0 - w)/(2/26). Calculate the highest common factor of h and t.
13
Let l be 2332/6*(-7)/(63/(-27)). Calculate the highest common factor of 22 and l.
22
Suppose -10 = -2*j - 0*j. Let q = 28 + j. Suppose 4*p - 6 = -0*p - 2*a, 0 = p - 5*a - 18. Calculate the highest common divisor of p and q.
3
Let s = 151 + -137. Let z = -285 - -439. What is the greatest common divisor of s and z?
14
Suppose 0 = 6*r - r - y - 844, 0 = r + 4*y - 152. Suppose -5*j - 28 = -r. What is the greatest common divisor of 14 and j?
14
Let z be 1*2 - (-1 + 0). Suppose 60 = 20*g - 40. Suppose -z*b = -g*b + 110. What is the highest common factor of 22 and b?
11
Suppose 526 - 214 = 6*o. Let b = 36 + o. What is the highest common divisor of b and 11?
11
Suppose -7*x + 2*x = r - 268, 5*x + 20 = 0. Calculate the highest common divisor of r and 216.
72
Suppose 3*f + 7 - 13 = 0. What is the highest common divisor of 6 and f?
2
Suppose 2*o + 2 = 0, o + 0*o = z - 30. What is the greatest common factor of z and 464?
29
Suppose 2*s = 5*a + 131, a - 31 = -s + 24. Calculate the greatest common divisor of s and 203.
29
Let k be (-90381)/(-987) + 3/((-42)/8). Let b(p) = p**2 - 6*p - 1. Let o be b(9). What is the greatest common factor of k and o?
13
Suppose 3*d + 12 = -3*i, 4*d = -d + 3*i + 20. Let m(y) = 65*y + 2. Let f be m(d). Suppose -2*t + 13 = -f. Calculate the highest common factor of 16 and t.
8
Let x = -38 + 18. Let g be (-9 + 0)/3*x. Suppose 7*b - b = g. Calculate the greatest common divisor of b and 80.
10
Suppose -4*u = 2*c - 114, 6*c - 2*u = 8*c - 114. Calculate the highest common factor of 513 and c.
57
Let b = 86 + -54. Let k = -1 - -1. Suppose -4*j + 79 = 3*o, k*o + 55 = 5*j - 5*o. Calculate the greatest common factor of b and j.
16
Suppose 15*x + 60 = 11*x. Let u(n) = -2*n**2 - 30*n + 18. Let a be u(x). Calculate the greatest common divisor of 198 and a.
18
Let u(c) = -c**2 + 6*c - 1. Let h be u(4). Suppose 4*r + m = 42, 5*m = -2*r + h + 5. Suppose 1 = -2*s + 3. What is the greatest common divisor of s and r?
1
Let z(s) = 12*s**2. Let t be z(1). Let g(m) = 2 - 3 + 0*m + 26*m + 23*m. Let j be g(1). Calculate the greatest common divisor of j and t.
12
Let i be -19 + 24 + 2*14. Let w be (-4)/32 - i/(-8). What is the greatest common divisor of 12 and w?
4
Suppose -79*p + 680 = -62*p. What is the highest common divisor of p and 112?
8
Let u = 343 + -245. Suppose 4*g - 5*n = 565, -4*n - 177 + 453 = 2*g. Suppose -28*a + g = -18*a. What is the highest common factor of u and a?
14
Let f be (-2)/3 - 2468/(-12). Let c be 0 + f + 12/6. Suppose 0 = -4*v - 2*x + 45 + 41, 3*v + 5*x = 54. What is the greatest common factor of v and c?
23
Suppose 2*v = 5*l - 2, -l - 3 = 3*v - 34. Calculate the highest common divisor of v and 297.
9
Let w(f) = -f**3 + 2*f**2 + 17*f. Let m be w(-4). What is the highest common divisor of m and 126?
14
Let o(l) = 21*l + 26. Let q be o(14). What is the highest common divisor of 128 and q?
64
Let o be (-3)/2 + (-209)/(-38). Let y be 6/(48/28)*o. What is the greatest common factor of 112 and y?
14
Let s be (0 + 1/1)*55. Let c be (5 - (5 + 1)) + 7. Suppose 59 = c*q - s. What is the greatest common factor of q and 38?
19
Let x(h) = -h**2 + 10*h - 10. Let o be x(7). Suppose 4*c - 1 = o. Suppose -c*v = -8*v + 225. What is the highest common factor of v and 15?
15
Let a(h) = h**3 + 33*h**2 - 33*h + 61. Let n be a(-34). Calculate the greatest common factor of 3 and n.
3
Let a = -9 - -9. Let j = 14 + a. Let l be 2/(((-10)/(-98))/5). Calculate the greatest common factor of l and j.
14
Suppose a + 15*d - 10 = 10*d, -5*a - 5*d + 150 = 0. What is the greatest common divisor of 91 and a?
7
Let r = 3 + -3. Let a(d) = d**2 - d + 90. Let q be a(r). Suppose 4*b - 6*b = 2*i - 22, 5*i - 3*b = 47. Calculate the greatest common divisor of i and q.
10
Suppose 94 = 2*y + 2*c - 4*c, -4*c - 236 = -5*y. Suppose l = -q + 3, -4*q + 4*l - 3*l = -27. What is the greatest common divisor of y and q?
6
Let s = 134 + -98. Suppose v + 0 = -4*d + 12, v - 2*d - s = 0. What is the greatest common divisor of v and 42?
14
Suppose -48 = 2*f + 4*x - 0, -80 = 5*f + 2*x. Let w = f + 19. Calculate the highest common divisor of w and 2.
1
Let m(v) = -v + 2. Let t = -23 - -12. Let r be m(t). Calculate the greatest common factor of r and 13.
13
Let d be 4/(-6) + 28/6. Suppose -3*a = -a - d. Suppose -a*f + 108 = -0*f. Calculate the greatest common divisor of 6 and f.
6
Let v = 2863 + -1888. What is the greatest common divisor of v and 75?
75
Suppose 0 = 23*c - 10*c - 234. Let y = -14 - -32. Calculate the greatest common factor of c and y.
18
Suppose v + i - 2 - 4 = 0, -v + 15 = -2*i. What is the greatest common divisor of 6 and v?
3
Suppose 2*y = -5*g - 9, 2*g - 18 = 4*g - 4*y. Let i be (-2 + -52)*8/g. What is the greatest common divisor of i and 16?
16
Let d(f) = -f - 11. Let c be d(-11). Let g = 5 + c. Suppose -6*q + 27 = -g*q. Calculate the greatest common divisor of 135 and q.
27
Let z(k) be the second derivative of 7*k**4/6 + k**3/2 - k**2 + 4*k. Let a be z(2). Suppose -a = -q - 4*q. Calculate the highest common factor of 60 and q.
12
Let p be 1/((-4)/(-8)) - (3 - -108). Let d = -78 - p. What is the greatest common divisor of 248 and d?
31
Let a(u) = -2*u + 31*u**2 - 73*u**2 - 37*u**2. Let q be a(-2). Let i be q/(-12)*(-2)/(-2). Calculate the highest common factor of i and 208.
26
Suppose 0 = 4*f - 137 + 53. Let z be -2 - 7/(f/6). Let w(u) = -u**2 - 7*u - 5. Let d be w(z). What is the greatest common factor of 14 and d?
7
Let r(z) = -672*z + 5381. Let w be r(8). Let m(p) = p**3 - 6*p**2 + p - 4. Let f be m(6). Calculate the highest common divisor of w and f.
1
Suppose 5*d + 28 = 4*s + d, d = -2*s + 2. Let w(m) = 11*m**2 + 3*m - 3. Let o be w(s). Calculate the highest common divisor of 21 and o.
21
Let h = -27 - -64. Suppose k = -w + 21, -2*w + 4*k + h = 5*k. Calculate the highest common divisor of 4 and w.
4
Suppose 5*q = -46 - 14. Let b = 4 + q. Let r be b/(-2)*(-7)/(-2). What is the greatest common factor of 70 and r?
14
Suppose 3*y = 15, s + 3*y = -0*s + 159. What is the highest common divisor of 48 and s?
48
Let y(d) = 72*d + 81. Let k be y(3). What is the greatest common divisor of 22 and k?
11
Suppose -6*s + 8 = -4*s - 2*h, -2*s + h = -4. Suppose s = 5*y + 6*y - 440. Calculate the highest common factor of 5 and y.
5
Let c = 86 - -38. What is the highest common factor of c and 4?
4
Let a = 779 + -76. What is the highest common divisor of a and 37?
37
Let k(c) = -8*c**2 + 4*c + 3. Let v be k(-5). Let j = 343 + v. What is the highest common factor of j and 18?
18
Suppose 5*o - 1465 = -5*w, -w - 3*o = -8*o - 317. Suppose 0 = -4*v - 64 + 196. What is the highest common divisor of w and v?
33
Let z be 583 + (3 - ((-60)/(-4))/5). Calculat